11*n**2 + 11*n - 7. Let l = -19 - -29. Let v be m(l). Suppose h - 9 - 2 = 2*f, -v*f + 88 = 4*h. Is h a multiple of 15?
False
Suppose 6*j - 2*r = 2*j + 26, 20 = 4*j + 4*r. Let l be j/(-9) - 2/(-3). Does 13 divide l + 0 + 0 - -23?
False
Suppose 0*m + 68 = m. Suppose -5*v + m = -102. Suppose -2*l + 5*j = l - 82, -l = -3*j - v. Is l a multiple of 16?
False
Let p(o) = -39*o**3 - o**2 + o + 1. Let b be (-24)/20 - 2/(-10). Is p(b) a multiple of 19?
True
Does 18 divide (-2)/(((-2)/(-27))/(-2))?
True
Suppose -w + f - 4*f + 82 = 0, -3*w = 5*f - 238. Is w a multiple of 18?
False
Let h(r) = r**3 + 21*r**2 - 2*r + 3. Is h(-21) a multiple of 13?
False
Suppose -2*z = -0*z. Suppose 6*a - a - 140 = z. Is a a multiple of 14?
True
Let b(h) = 2*h + 7. Does 21 divide b(7)?
True
Suppose 2*f - 6*f = 5*g + 256, 5*g + f = -259. Let x(j) = 2*j - 3. Let z be x(-6). Is 11 a factor of (z/10)/(3/g)?
False
Suppose 24 = -3*o + 87. Let t = -5 + o. Is t a multiple of 7?
False
Is 22 a factor of -5 - (-19)/4 - (-530)/8?
True
Let i(y) = 2*y**2 - 2. Let t be ((-32)/(-6))/4*3. Suppose -4*h - 36 = 5*n, -4*h + 2*n = -h + t. Is 15 a factor of i(h)?
True
Is (-15)/((2/(-6))/1) a multiple of 15?
True
Let k(g) = g**3 + 11*g**2 + 6*g + 12. Let y = -10 - 0. Does 21 divide k(y)?
False
Let r(f) be the third derivative of -f**5/60 + f**4/24 + 2*f**2. Let k be r(1). Suppose 5*h + k*h - 165 = 0. Is h a multiple of 9?
False
Let a = 13 - 0. Let v = a - 47. Let d = v + 47. Does 10 divide d?
False
Let a = -112 - -298. Is 31 a factor of a?
True
Suppose 5*c = 5, -h - c = 3*c - 88. Is 14 a factor of h?
True
Suppose 18 = -c + 4*a, 8*c + 5*a = 3*c - 65. Is (-716)/(-7) - c/(-49) a multiple of 34?
True
Let k be (-102)/(-18) + (-2)/(-6). Suppose 2*c = -c - k. Does 10 divide 3/c - 287/(-14)?
False
Suppose 7*z - 8*z = -52. Is 13 a factor of z?
True
Let g be 17/5 - (-12)/(-30). Suppose 7*m - 2*m - 17 = -2*c, 5*c + g*m - 52 = 0. Suppose 3*k - j - 17 = 0, j = k + 6*j - c. Does 3 divide k?
True
Let u(m) = 3*m**2 + 3*m - 2. Let i = 7 + -5. Does 12 divide u(i)?
False
Is 19 a factor of (-3)/(-3 - (-280)/95)?
True
Suppose 25 = 5*w, 0 = -f - 4*w + 13 + 16. Is f + 0 - (-5 + 2) a multiple of 6?
True
Suppose -9 = 3*b, -5*h + 0*h + 5*b = 185. Is (24/10)/((-6)/h) a multiple of 8?
True
Is 30 a factor of (-15)/12*-3*24?
True
Let c be (0 - 10)*1/2. Let i(w) = -3*w - 2. Is 5 a factor of i(c)?
False
Suppose o = 5 - 3. Let n be 1/(-1) + 3 + o. Is 14 a factor of (n/6)/((-6)/(-252))?
True
Let a = 44 + -29. Is 3 a factor of a?
True
Let c(o) = 2*o**2 + 3. Let z(r) = r**2 - 7*r - 3. Let p be z(8). Suppose 0 = p*h - 1 - 14. Is c(h) a multiple of 21?
True
Suppose x + x = 4*l - 6, -x - 4*l + 15 = 0. Does 2 divide x?
False
Suppose -q + 80 = 7*q. Is 5 a factor of q?
True
Let r(w) be the first derivative of w**3 + w**2 + 2*w + 4. Is 9 a factor of r(-3)?
False
Is 3 a factor of ((70/6)/(-5))/((-3)/27)?
True
Let c(b) = b**2 - b + 74. Is 7 a factor of c(0)?
False
Suppose 0 = -4*d + 381 + 159. Is d a multiple of 15?
True
Let r(s) = 44*s**2 - 2*s - 1. Let p(q) = -q - 1. Let c be p(-2). Suppose -3*g - 2*v + 1 = -0*v, 0 = 3*g + v + c. Is r(g) a multiple of 18?
False
Let y(t) = -9*t**3 - 2*t**2 + t + 2. Is y(-2) a multiple of 25?
False
Is (-20 + 16)/(2/(-12)) a multiple of 12?
True
Does 14 divide 1880/32 - 1/(-4)?
False
Let j be 0 + (-3 - -1) + 7. Let u(b) = -b + 8. Let f be u(0). Suppose -12 - f = -j*k. Does 2 divide k?
True
Suppose -6*l + 495 = -l. Is l a multiple of 19?
False
Let k = -118 + 223. Suppose 45 = -2*m + 3*m - 2*c, -2*m = -c - k. Let o = m + -25. Does 15 divide o?
True
Suppose -3*z - 118 = -337. Suppose -4*x + z = 205. Let q = x - -70. Is 18 a factor of q?
False
Suppose -7*a = -2*a - 105. Is 12 a factor of a?
False
Let v(m) = 7*m**2 + 26*m - 17. Let w(b) = 11*b**2 + 39*b - 26. Let s(i) = -8*v(i) + 5*w(i). Does 12 divide s(-9)?
False
Let l(r) = -7*r + 3. Let o = -4 + 0. Does 9 divide l(o)?
False
Let f(j) = -26*j**2 + j - 1. Let t be f(1). Let h be (2 + (t - 1))*-1. Suppose 0*y + h = 5*y. Is y a multiple of 5?
True
Let g = -28 - -238. Let m = -150 + g. Is m a multiple of 20?
True
Suppose -5*f - 54 = -194. Is 7 a factor of f?
True
Suppose 0 = -5*p + 122 + 18. Is 14 a factor of p?
True
Suppose 0 = -3*h + 6 + 132. Is h a multiple of 21?
False
Let x(p) = 6*p**2 + 8*p - 12. Let h(o) = -5*o**2 - 7*o + 12. Let s(b) = 7*h(b) + 6*x(b). Suppose -4*t + v + 5 = 4, -3*v - 3 = -4*t. Is 6 a factor of s(t)?
True
Let h(q) = -8*q + 58. Is 5 a factor of h(6)?
True
Let s = -3 + 9. Let b = s + 0. Let n(v) = v + 7. Is 13 a factor of n(b)?
True
Let z(s) = 2*s**2 + 7*s - 17. Is z(-11) a multiple of 21?
False
Suppose -r + 33 = -5*v - 4, -3*v - 165 = -4*r. Does 14 divide r?
True
Let l = -55 + 119. Is l a multiple of 16?
True
Let a(b) = b**2 + 10*b. Let u be a(-10). Let y be ((-15)/20)/((-2)/80). Suppose d + 4*d - y = u. Is d a multiple of 3?
True
Let t(x) = -15*x + 3. Let h(o) = o. Let c(l) = -18*h(l) - t(l). Let n = -32 - -25. Is c(n) a multiple of 18?
True
Let d(b) be the third derivative of 5*b**4/24 - 4*b**3/3 + b**2. Is d(6) a multiple of 22?
True
Suppose d - 5*n - 200 = 0, -6*d = -3*d + 4*n - 638. Is 21 a factor of d?
True
Suppose -2*r - 390 = -8*r. Does 13 divide r?
True
Let z be 1/3 - (-14)/3. Let l(o) = -2*o - 13. Let v be l(-7). Let t = z + v. Does 6 divide t?
True
Let l = 7 + -8. Let n = l - -14. Is n a multiple of 13?
True
Suppose -3*t - 23 = -4*n, 3*t + 11 = -n - n. Let a = t + 9. Suppose a*r - 120 = -r. Is 12 a factor of r?
True
Let m(s) = 6*s**3 - 2*s**2 - 8. Let j(z) = -7*z**2 - 2*z - 1. Let p be j(-1). Let t(c) = -7*c**3 + c**2 + 8. Let f(q) = p*m(q) - 5*t(q). Does 4 divide f(7)?
True
Let s be 7/(-28) - (-1)/4. Let w(v) = 2*v + 44. Does 11 divide w(s)?
True
Let m be -2 + (-18)/3*-1. Let q be (15/6)/(2/m). Suppose 3*p = q*p - 8. Is p a multiple of 3?
False
Suppose -q + 3*q = 0. Let l = q + -3. Is (1/(-3))/(l/45) a multiple of 3?
False
Does 18 divide 0 + 1/((-3)/(-162))?
True
Let l(s) = 4*s - 29. Is 19 a factor of l(12)?
True
Does 9 divide -90*1*(-14)/35?
True
Let v be ((-74)/(-6))/((-3)/9). Let t = 53 + v. Is 11 a factor of t?
False
Let r(z) = z**3 - 4*z**2 - 6*z + 3. Let u be r(5). Let k be -23*(1 + u)*1. Suppose b - 2*y - k = 0, -1 = b + 2*y - 8. Does 5 divide b?
True
Let x(w) = 2*w**2 + 4*w + 4. Is x(-4) a multiple of 10?
True
Does 8 divide 16/(((-3)/12)/((-27)/24))?
True
Suppose 2*d - 8 + 0 = 0. Suppose o - 4*b = -4, 0 = d*o - 2*b - 1 + 31. Is o/((-1)/((-6)/(-4))) a multiple of 9?
False
Suppose -3*l = 2*l + 4*r - 531, -2*r - 537 = -5*l. Suppose 5*p + 293 = -l. Does 10 divide (4/8)/((-2)/p)?
True
Let s(c) = -2*c**2 - 15*c - 6. Let q(f) = f**2 + 14*f + 7. Let p(m) = 3*q(m) + 2*s(m). Is 9 a factor of p(12)?
True
Let b = -86 + 186. Is 25 a factor of b?
True
Let p = -90 + 126. Let g(y) = -y**2 - 15*y + 18. Let a be g(-16). Suppose -p = -a*i - i. Does 4 divide i?
True
Let a(i) = -12*i + 6. Let z be a(5). Let l = z - -86. Is 12 a factor of l?
False
Suppose -276 = -4*s - i, 2*i = -5*s + 339 + 6. Is s a multiple of 14?
False
Suppose 0 = 5*h + 4*j - 119, 0*j + j = -5*h + 131. Does 16 divide h?
False
Suppose u + u - 50 = 0. Suppose -2*w = -z - 2*z - u, 5*z + 15 = 0. Let m = w - -5. Is m a multiple of 13?
True
Suppose -438 = -5*b + b - 2*c, -4*b + 431 = -5*c. Is b a multiple of 18?
False
Suppose -6*y + 2*y - 524 = -3*u, -4*u + 3*y = -708. Does 20 divide u?
True
Let u(n) = 3*n - 2. Let q be u(7). Let k(t) = t**2 - 6*t + 6. Let v be k(5). Let i = q - v. Is 18 a factor of i?
True
Does 9 divide (-84)/8*1*3*-2?
True
Suppose -3*u = -2*q, 0 = 5*q + 7*u - 2*u + 25. Does 6 divide 2/q - 228/(-18)?
True
Let j be 4/(-8) + 22/4. Suppose j*m - 68 = m + 4*z, 5*m = -3*z + 45. Does 2 divide m?
True
Let h(y) = y - 8. Let k be h(6). Let g = 6 + k. Is g a multiple of 4?
True
Suppose -3*m + m = -10. Suppose -3*s - 12 = -m*s. Is s a multiple of 6?
True
Let z be (-656)/(-10) - (-22)/55. Suppose 5*a - z = 2*k, -a - 2*k + 8 = -10. Is a a multiple of 10?
False
Let n = -39 - -47. Is 3 a factor of n?
False
Let f = -10 - -17. Is 3 a factor of f?
False
Suppose 4 - 25 = -3*t. Is 5 a factor of t?
False
Suppose -2*t + 39 = t - 3*j, 4*t - 5*j = 53. Let q = t - 0. Is q a multiple of 4?
True
Suppose 0 = 10*k - 7*k. Suppose 3*c + 13 = 49. Suppose -3*b + k*b = -c. Does 4 divide b?
True
